56*x + 39*x. Calculate the remainder when x is divided by 229.
223
Let v = 209 - 13. Let j = -164 + v. What is the remainder when 86 is divided by j?
22
Let x be 5275/35 + (-2)/(-7). Let r = x - 142. Calculate the remainder when 69 is divided by r.
6
Let m(a) = 10*a + 14. Let q(i) = -12*i - 13. Let r(t) = 5*m(t) + 4*q(t). What is the remainder when 54 is divided by r(-2)?
12
Let x be (-8)/2 + -4 + (-635)/(-5). Suppose q - x = -104. What is the remainder when 39 is divided by q?
9
Let s be (-4)/(-18) + 9928/36. Suppose -4*f = k - 8 + s, -50 = f - 4*k. Let q = 80 + f. What is the remainder when 68 is divided by q?
12
Let n be (517 - 6) + (-3)/6*2. Suppose 3*z - 13*z + n = 0. What is the remainder when z is divided by 13?
12
Let v = 1252 + -837. What is the remainder when v is divided by 104?
103
Let m(w) = -w**2 + 15*w - 29. Let f be m(12). Suppose f = 6*q - 17. Suppose -3*h = q*h - 63. What is the remainder when 53 is divided by h?
8
Let d = 3476 + -3457. Calculate the remainder when 4443 is divided by d.
16
Let c be (-6 - -5)/((-2)/14). Suppose 13 + c = 5*a, -5*a = -5*r + 65. Suppose 22*d - 48*d + 1248 = 0. What is the remainder when d is divided by r?
14
Suppose -16*m + 13050 = -3334. Let d = m - 886. What is the remainder when d is divided by 50?
38
Suppose 5*p + 15 = 0, 150*m - 152*m + p = -447. Calculate the remainder when 691 is divided by m.
25
Calculate the remainder when 675 is divided by -65 + 59 + (231 - (-9)/(-3)).
9
Let n(g) = -66*g**3 + 54 + 65*g**3 - 14*g + 16*g**2 - 9*g**2. Calculate the remainder when 363 is divided by n(4).
41
Suppose -15535 = -3*n + 222*n - 61525. What is the remainder when n is divided by 108?
102
Let i = -270 + 284. Suppose -264 = -26*d + i*d. What is the remainder when 348 is divided by d?
18
Let a(j) = 2*j + 42. Suppose -5*l = l + 114. Let u be a(l). Suppose -v - 12 = -u*v. What is the remainder when 10 is divided by v?
2
Suppose -3*t + 417 = 5*m, -m + 11 = 5*t - 46. Calculate the remainder when 102 is divided by m.
15
Let p(k) = 174*k + 2385. What is the remainder when 336 is divided by p(-13)?
90
Let x(t) = 11*t**2 + 6*t + 5. Let h = 54 + -52. Suppose -h*b + 0*q - 2 = -2*q, -2*b = 5*q + 2. Calculate the remainder when 25 is divided by x(b).
5
Let o(f) = -4*f**3 - 56*f**2 - 6*f + 15. Calculate the remainder when o(-15) is divided by 6.
3
Let o(r) = -283*r - 280. Calculate the remainder when 820 is divided by o(-1).
1
Let y be -4 + 8 + -2 - -124. Suppose -10*d + 3*d = -y. Suppose -53*b - 772 = -3475. What is the remainder when b is divided by d?
15
Suppose -3*y = -2*y - 26. Let m = -23003 + 23046. Calculate the remainder when m is divided by y.
17
Let o be -1*30*(-161)/(-46). What is the remainder when (-2)/(-5) + (-4158)/o is divided by 11?
7
Let p = -4 - -3. Let a = 1299 + -1201. Calculate the remainder when a is divided by (0 - (p - 0)) + 24.
23
Let c be (-2 - -3)*-3 + 16. Let t = c - 6. Calculate the remainder when 27 + (-7)/((-14)/(-4)) is divided by t.
4
Suppose -1111*m + 25686 = 856*m + 887*m. Let w = 211 + -151. What is the remainder when w is divided by m?
6
Suppose 17*n + 50*n = 4154. Let l be ((-1)/(-2))/((-2)/176). Let y = n + l. What is the remainder when 31 is divided by y?
13
Let g(c) = 7*c + 28. Let b be g(-23). Let p = 166 + b. What is the remainder when p is divided by 20?
13
Let r(s) = -2*s - 19. Let i(k) = k. Let j(y) = 4*i(y) + r(y). Let t be j(-15). Let o = t + 52. Calculate the remainder when 10 is divided by o.
1
Let i = -4022 - -4047. What is the remainder when 62 is divided by i?
12
Let m(x) = x**3 + 10*x**2 + x - 7. Let s be (-395)/45 + 4/(-18). Calculate the remainder when m(s) is divided by (-5 - -1)*143/(-26).
21
Suppose -2*t = -5*x - 313, 5*x + 4*t - 46 = -335. Let h = x - -64. Calculate the remainder when -1 - (2 - (-21)/(-1)) is divided by h.
0
Suppose x - 449 = -5*z + 85, 0 = 2*z + 3*x - 224. Let n = 114 - z. Calculate the remainder when 44 is divided by n.
4
Let v(q) = 26*q**2 - 3*q - 135. Let w(i) = 7*i**2 - i - 34. Let y(t) = 6*v(t) - 22*w(t). What is the remainder when y(-9) is divided by 11?
9
Suppose 0 = -9*r + 13*r - 3356. Let a = 850 - r. Calculate the remainder when 88 is divided by a.
0
Let x = 78 - -75. Suppose 0 = 28*y - 22*y. Calculate the remainder when x is divided by 6 + y - -12 - -4*1.
21
Let v(m) = -367*m + 6212. What is the remainder when 2362 is divided by v(16)?
322
Suppose 231 - 61 = 4*b - 2*n, -3*b + 135 = n. What is the remainder when 313 is divided by b?
5
Suppose -3 + 7 = 4*d + 2*c, 2*c - 4 = -3*d. Suppose -3*w - 2*v + 628 = d, 10*v = 5*w + 6*v - 1032. What is the remainder when w is divided by 7?
5
Let u = 619 + -601. Calculate the remainder when 45 is divided by u.
9
Suppose -3*b + 22 = -5*t, -2*b - 3*t = -t - 4. Suppose 0 = b*n - 20 - 64. Calculate the remainder when n is divided by (-29 - -53)*2*1/8.
3
Let b be (-8 - -7)/(3/(-3)). Suppose -b = -2*u - d, u = -5*d + 8*d - 10. What is the remainder when (254/(-6))/(4/6 + u) is divided by 65?
62
Let k(x) = 11*x**2 - 15*x + 72. What is the remainder when k(4) is divided by 7?
6
Suppose -1 - 35 = -k. Suppose -34*y = -k*y + 4. Suppose -4*w - m - 1 = -70, -w + y*m = -6. What is the remainder when 158 is divided by w?
14
Let m = 31 - 22. Suppose -8*p = -7*p - 155. Let z = -143 + p. What is the remainder when z is divided by m?
3
Suppose 0 = 5*z + 78*n - 83*n - 2425, 3*n = z - 487. What is the remainder when z is divided by 46?
24
Let m = -79 - -83. Suppose m*v - 33 = 395. Let a = v + -93. Calculate the remainder when 65 is divided by a.
9
Let z(x) = -68*x + 25 - 66*x + 131*x + x**2. Calculate the remainder when z(11) is divided by 24.
17
Suppose -477*t = -488*t + 99. Suppose 2*i = -2*i. Let s = t + i. Calculate the remainder when 35 is divided by s.
8
Suppose 3092 - 12003 = -67*z. Calculate the remainder when z is divided by 31.
9
Let h(y) = 11*y + 139 + 104 - 84 - 10*y + 5*y. What is the remainder when h(12) is divided by 59?
54
Let m = 65 - 64. Let a = m + 122. Calculate the remainder when a*(-2 - 7/(-3)) is divided by 17.
7
Suppose -258*q + 2880 = -43302. What is the remainder when 567 is divided by q?
30
Suppose 4*r + 8*r = 10*r + 132. What is the remainder when 1317 is divided by r?
63
Let v(q) = 2*q**3 - 26*q**2 + 32*q + 19. What is the remainder when v(13) is divided by 70?
15
Let q(f) = 17*f - 29. Let d be q(-6). Let j = d - -533. Suppose v = 5*s - 397, -9 = 5*s + v - j. What is the remainder when s is divided by 16?
15
Suppose -x - 2*k = -869, 23*x - 19*x - 3462 = -k. Calculate the remainder when x is divided by 91.
46
Let x(r) = -r**3 - 5*r**2 + 2*r + 10. Let y be x(-5). Suppose c + 1205 = -b + 4*b, b - 2*c - 395 = y. Calculate the remainder when b is divided by 9.
7
Let f = -16 - -16. Suppose -4*u + 2*u = f. Suppose -4*c = 2*q - 88, u*c - 5*c + 110 = 2*q. What is the remainder when 85 is divided by c?
19
Let h(g) = 55*g + 1604. Calculate the remainder when 2312 is divided by h(-29).
8
Let y = 276 + 398. Suppose 21*o + y - 2627 = 0. Calculate the remainder when 278 is divided by o.
92
Let z = 571 - 480. Suppose 7*q = 8*q - 5*k - z, -9 = -3*k. Calculate the remainder when q is divided by 102.
4
Let x = -13946 + 14177. Calculate the remainder when 1807 is divided by x.
190
Suppose -376 = -35*l - 59 + 1363. What is the remainder when 1627 is divided by l?
43
Suppose 35*r - 8027 = 21023. Calculate the remainder when r is divided by 119.
116
Let b = -23 - -44. Let i(u) = -5*u**3 + 3*u + 6. Let s be -1*((-15)/3 + (5 - -2)). Calculate the remainder when i(s) is divided by b.
19
Suppose -4*r + 2 = -3*r. Suppose -260 = -5*q - 5*u, -7*u - 44 = -q - 10*u. Suppose 0 = -209*f + 202*f + q. Calculate the remainder when f is divided by r.
0
Calculate the remainder when 56 is divided by (15 - -185)/(-20) + 19.
2
Let x(f) = 42*f**2 - 27*f - 101. What is the remainder when 1106 is divided by x(-3)?
32
Let m be (3645 - -1)/(2 - 0). Suppose -m - 5347 = -10*i. Calculate the remainder when i is divided by 72.
69
Let x be (0/((-4)/(-2)))/1. Let q(l) = -87 + 100 - l**3 - l - 2*l**2 + l**2. Calculate the remainder when 49 is divided by q(x).
10
Suppose 4*y = n - 1793, 1503 + 1975 = 2*n + 4*y. Calculate the remainder when n is divided by 256.
221
Let y be (1/(-1) - -2) + (-22 - -25). Suppose 0*b - 21 = -c - b, y*